0, what is 117 + 114239?
114356
In base 3, what is -122 - 20110221221010?
-20110221221202
In base 15, what is -44 + 4ade69?
4ade25
In base 7, what is 332232411 + 3?
332232414
In base 6, what is -220043 - -1320?
-214323
In base 3, what is -221022210 - 111100102?
-1102200012
In base 14, what is 1cb13 - 2a74?
1a07d
In base 2, what is 1010 - 110001101110111111100?
-110001101110111110010
In base 7, what is 12521 + -1?
12520
In base 3, what is -1110012000121 + 0?
-1110012000121
In base 9, what is 7 + 11684?
11702
In base 11, what is 932334 - -9?
932342
In base 2, what is 10 - -100001110000110100011011?
100001110000110100011101
In base 15, what is -2554aa6 - 2?
-2554aa8
In base 6, what is -112 - 15245345?
-15245501
In base 2, what is -1010011001101 - 1101011000001?
-10111110001110
In base 9, what is 2 + -15710888?
-15710886
In base 13, what is 1 + -436aa79?
-436aa78
In base 16, what is 179 + 6cc59?
6cdd2
In base 8, what is -1002733 + 347?
-1002364
In base 6, what is -2350123055 - 3?
-2350123102
In base 13, what is 13b8507 + -21?
13b84b6
In base 13, what is -1 - -1747621?
1747620
In base 5, what is -123010 + -14101?
-142111
In base 4, what is 12302302212 + 3?
12302302221
In base 12, what is -6 + 2938176?
2938170
In base 13, what is 1b5ba17 - -38?
1b5ba52
In base 9, what is 0 - -168622300?
168622300
In base 2, what is 101010110000 + -1000000100001?
-10101110001
In base 9, what is -142600 - -207?
-142382
In base 9, what is 1704021 + -127?
1703783
In base 9, what is 2080 + 282065?
284155
In base 11, what is -5268989 - 7?
-5268995
In base 8, what is 715 - -3365703?
3366620
In base 16, what is 3b50 + -1c?
3b34
In base 16, what is b4 - -d7e2a?
d7ede
In base 15, what is -508 + 7c0c8?
7bac0
In base 14, what is -84 + 4c896?
4c812
In base 4, what is 2331 + -1122232?
-1113301
In base 4, what is 1102220 - -202301?
1311121
In base 2, what is -10000100001000101 + 11001110111?
-10000000111001110
In base 7, what is 14323 + 26016?
43342
In base 9, what is -2 + -368784517?
-368784520
In base 16, what is 11bf7 + da?
11cd1
In base 13, what is -ab3564 + 4?
-ab3560
In base 10, what is 1 - -31018163?
31018164
In base 6, what is -1004504523 - -2?
-1004504521
In base 2, what is 10001110010111000010111100 + 101?
10001110010111000011000001
In base 6, what is -23321 + 211?
-23110
In base 3, what is -2120 + -110101202120?
-110101212010
In base 15, what is 1802 - -518?
1d1a
In base 5, what is -242 - -13110?
12313
In base 8, what is 240501322 - -3?
240501325
In base 13, what is -569c873 + -4?
-569c877
In base 3, what is 10112 + 2012202110?
2012212222
In base 7, what is -10202234 - -601?
-10201333
In base 7, what is 15 - -6052564?
6052612
In base 14, what is 1301d + -98?
12d65
In base 10, what is -138393 - 254?
-138647
In base 7, what is 4 + 4143133120?
4143133124
In base 2, what is -110111101100001011110110100 + 100?
-110111101100001011110110000
In base 15, what is 1 + 18d9ee9?
18d9eea
In base 15, what is -8 + d6ec1?
d6eb8
In base 7, what is 1641 + 23343?
25314
In base 11, what is -149 - 395404?
-395552
In base 8, what is 1 + 26741057?
26741060
In base 10, what is -88070 + -360?
-88430
In base 12, what is 3637 + -765?
2a92
In base 6, what is -2 - 1025154413?
-1025154415
In base 9, what is 12 - 16333?
-16321
In base 9, what is 485 - 382258?
-381663
In base 9, what is -388 + 218063?
217564
In base 12, what is -81 - -458672?
4585b1
In base 14, what is -5 + -5d69ca?
-5d69d1
In base 2, what is 100 + -10010000011110010110010010100?
-10010000011110010110010010000
In base 7, what is 213 - -341432?
341645
In base 9, what is 35 + 17287287?
17287333
In base 16, what is 2 + 3639f3?
3639f5
In base 16, what is -3b5 + -26282?
-26637
In base 15, what is 9ad5 + c8?
9bad
In base 9, what is 4 - 115588713?
-115588708
In base 4, what is 1101332 - 31221113?
-30113121
In base 9, what is 1845687 + -5?
1845682
In base 5, what is 12 - -120433312440?
120433313002
In base 12, what is -15 + -924891b?
-9248934
In base 4, what is -1221232 + 1101?
-1220131
In base 12, what is -348492 - -6?
-348488
In base 15, what is -93e3 - 34?
-9427
In base 4, what is -200311 + 222102?
21131
In base 5, what is 3213 + 433434?
442202
In base 2, what is -111011100110001111000 - -111110?
-111011100110000111010
In base 12, what is -137b9b4a + 5?
-137b9b45
In base 2, what is -100 + 10100000011111011111110?
10100000011111011111010
In base 16, what is -b4acf + 1?
-b4ace
In base 7, what is -660512353 + -5?
-660512361
In base 9, what is 105518 - 7168?
87340
In base 13, what is 268aa04b - -2?
268aa050
In base 14, what is 64c3 + -3583?
2d40
In base 7, what is 133 - 50?
53
In base 12, what is -6 + -1875905?
-187590b
In base 7, what is -20 + 154504?
154454
In base 3, what is 2110212121100 - -122?
2110212121222
In base 10, what is -1476166 - -2?
-1476164
In base 2, what is 101101001 - -1001100100111001?
1001101010100010
In base 14, what is -b5246 + 10?
-b5236
In base 12, what is 6189 - -6751?
1091a
In base 2, what is 101100010110010 - -1000011111100?
110100110101110
In base 5, what is -140 - -2124204421?
2124204231
In base 4, what is 3220300 + -10321322?
-1101022
In base 10, what is -811 + 5903?
5092
In base 13, what is 374ac2 - 40?
374a82
In base 14, what is bc45 + -c?
bc37
In base 15, what is 5518c71 + -16?
5518c5a
In base 11, what is 24 + -76288?
-76264
In base 3, what is 222112 + 101121211220?
101122211102
In base 6, what is 252103 + -1421?
250242
In base 10, what is -255 + -75989?
-76244
In base 4, what is -100330112103 + 212?
-100330111231
In base 9, what is 138483 - 687?
137685
In base 5, what is 2114 - 12034040?
-12031421
In base 5, what is -33 - -300220400?
300220312
In base 10, what is -48173 - -7606?
-40567
In base 3, what is 22110111212 - -100121010?
22211002222
In base 16, what is -3d + 154246?
154209
In base 10, what is 4736 + 373?
5109
In base 4, what is -11132230 + 21?
-11132203
In base 16, what is -17bb - -1703?
-b8
In base 4, what is -112 - -22303013012?
22303012300
In base 6, what is 244123313 - 414?
244122455
In base 13, what is -44c8a7 - -17?
-44c890
In base 9, what is -74 + 155764?
155680
In base 7, what is -3 - 2122104522?
-2122104525
In base 4, what is -1312123 + 20100311?
12122122
In base 14, what is -3c94 - c03?
-4a97
In base 6, what is 140 - -4544134?
4544314
In base 13, what is -1919 + -1536?
-3152
In base 4, what is -2121111031 + 3321?
-2121101110
In base 13, what is 680 - 2c2b4?
-2b934
In base 14, what is 14306 - b7b?
13569
In base 4, what is -3121131200 + -1122?
-3121132322
In base 12, what is 639ba + -561?
63459
In base 8, what is 10277534 - -5?
10277541
In base 2, what is 100100100100100 + -1011010011101?
11001010000111
In base 11, what is -1 + -2291442?
-2291443
In base 6, what is 2004055204 - -4?
2004055212
In base 13, what is 16 - -428a6?
428bc
In base 14, what is 2 - 168d5a8?
-168d5a6
In base 14, what is -59 - d3116?
-d3171
In base 9, what is 7 + 612657?
612665
In base 3, what is 102011 - 200021002?
-122211221
In base 12, what is 4 - -42525968?
42525970
In base 9, what is 0 - -14664170?
14664170
In base 14, what is 4ddc + 12aa?
62a8
In base 10, what is -4055759 - 10?
-4055769
In base 12, what is 2 - 2259b21?
-2259b1b
In base 8, what is -16 - 325323?
-325341
In base 10, what is -102345 - -5?
-102340
In base 2, what is 10101110 - 1101101000001111101?
-1101100111111001111
In base 7, what is 2 + -16132665?
-16132663
In base 5, what is -210002 + 1223?
-203224
In base 12, what is 8087b + -217?
80664
In base 6, what is -4 - 12335313220?
-12335313224
In base 11, what is -18 + 18545aa?
1854592
In base 12, what is 40220275 - -5?
4022027a
In base 9, what is -10841628 - 8?
-10841637
In base 9, what is 42 - 5783111?
-5783058
In base 12, what is -4 + -1a377309?
-1a377311
In base 11, what is 58 + 271590a?
2715967
In base 10, what is 109184 + -44?
109140
In base 4, what is 1111030320301 - -11?
1111030320312
In base 13, what is -377 + 12044?
1199a
In base 3, what is -1112122 + 200202122202?
200201010010
In base 6, what is -4 - -202502450?
202502442
In base 13, what is 123287c - 2?
123287a
In base 7, what is -13422 + -15400?
-32122
In base 16, what is -b8b + -2254?
-2ddf
In base 12, what is -10 - 47aa867?
-47aa877
In base 7, what is -1125543 + -6040?
-1134613
In base 15, what is 32 - -1a0a28?
1a0a5a
In base 13, what is